74 + z. Suppose 3*h + 3*h = a. List the prime factors of h.
3, 7
Let g be (-4)/(-10) - (1245/25)/(-3). Suppose -3771 = -26*x + g*x. List the prime factors of x.
419
List the prime factors of (-12)/2 - ((-1620648)/12)/9.
2, 3, 5
Let r(f) = -f**2 - 9*f - 16. Let o be r(-7). List the prime factors of (101*o)/((-1)/(-3)*-1).
2, 3, 101
Let d(l) = -3*l + 32. Let f be d(8). Let n be 52/(-6) + f/12. What are the prime factors of (-1402)/n + 2/(-16)*2?
5, 7
Suppose 0 = -28*v + 57 - 1. Let z(p) = 74*p**3 + 5*p**2 - 2*p + 1. List the prime factors of z(v).
3, 7, 29
Let d(z) = -2*z + 12. Let o be d(0). Suppose -o*m + 813 = -9*m. List the prime factors of m.
271
Let q(t) = t**3 + 12*t**2 - t + 3. Let b be (-6)/(-8) - (-429)/(-44). List the prime factors of q(b).
3, 5, 17
Let h be (-16 + 0 + -2)/((-9)/(-1158)). Let d = -1546 - h. What are the prime factors of d?
2, 5, 7, 11
Suppose -101223 = 2840*s - 2867*s. List the prime factors of s.
23, 163
Let z(x) = x + 20. Let i be z(0). Let j = i + -16. Suppose 4*p + 3*y = 42 + 75, -2*p - j*y = -66. List the prime factors of p.
3
Let w(n) = n**2 - 5*n + 30. Let h be w(14). Suppose -57 = -p + 232. Let g = p - h. What are the prime factors of g?
7, 19
Let l(f) = f + 11. Let m = 13 - 0. Suppose m - 13 = z. What are the prime factors of l(z)?
11
Let j be (4*2*(-3)/(-12))/1. Suppose 13 = -j*r + 43. List the prime factors of r.
3, 5
Let g = 2314 + 413. Suppose 14*t - g = 5*t. Suppose 5*f = 542 + t. List the prime factors of f.
13
Suppose -4*g = -3*h + 37744, -181*h + 25151 = -179*h - 5*g. List the prime factors of h.
2, 3, 1049
Let k be -5*(-3)/9*6/2. Suppose 0*c + 15 = 5*c - 4*g, -2*c + 2*g = -6. Suppose -s - 809 = -5*x, 0 = 2*x - k*s + c*s - 322. List the prime factors of x.
2, 3
Suppose -95*o + 720240 = -15*o. List the prime factors of o.
3, 3001
Let j = -266 + 796. Let l = -228 + j. What are the prime factors of l?
2, 151
Let b = 29 + -25. Suppose -2 = -2*n + b. Suppose -2*t + 4*m = -164, m = -2*t + n*m + 154. What are the prime factors of t?
2, 3
Suppose -42 = -113*p + 110*p. Let z(g) = -g**2 + 34*g - 54. What are the prime factors of z(p)?
2, 113
Suppose 2*n - 554 = 2*w, 3 = -w - 2. Let z be (38/4)/(3/42). Suppose -q = 2*t - 0*t - z, 2*t - n = -2*q. List the prime factors of q.
139
Let o(q) = 50*q + 246 - 193 - 17*q. List the prime factors of o(10).
383
Let c(k) = 2*k**3 + 9*k**2 - k**3 - 63*k + 59*k + 6. What are the prime factors of c(6)?
2, 3, 29
Suppose 0 = 5*z + 211 - 221. Suppose -5*s - 2*y = -2595, -1569 = -4*s + z*y + 489. What are the prime factors of s?
11, 47
Suppose 63*u = 115*u - 2895100. List the prime factors of u.
5, 17, 131
Let w(k) = 756*k**2 + 233*k + 1117. What are the prime factors of w(-5)?
2, 3, 1571
Suppose 0 = -4*n - 4*x, -3*x - 2*x - 4 = n. Let f = 24 + -20. Suppose f*b = l + 538, -3 + n = -l. What are the prime factors of b?
3, 5
Let n(g) = -2*g**2 - 18*g + 35. Let b be n(-16). Let v = b + 315. What are the prime factors of v?
2, 3, 7
Let x(s) = 2*s**2 - 44*s - 38. Let u be x(23). What are the prime factors of (-2655)/(-12) - (10/u - 1)?
13, 17
Let t(a) = -10*a**3 - 68*a**2 - 45*a - 125. What are the prime factors of t(-16)?
3, 2683
Suppose 7*t + 235 - 11 = 0. Let l = -35 + t. Let y = 107 + l. List the prime factors of y.
2, 5
Suppose 0 = -d + z + 13, 15 + 13 = 4*d + 4*z. Let g be (22/(-10) + 3)/(2/d). Suppose -g*p + 91 = f - 80, -p = -3*f + 500. What are the prime factors of f?
167
Suppose 5*l + 3*k - 76 = 0, 4*l - 2*k + k - 71 = 0. Suppose -18330 = -l*h + 9397. What are the prime factors of h?
7, 233
Suppose 2*s + 3*s = h + 2830, -s = h - 572. Suppose 0 = -2*n + s + 1215. List the prime factors of n.
3, 11
Let y be (-2 - -1) + 16/4. Suppose -v - y = -5. List the prime factors of (1/v)/(8/656).
41
Let i be (-6)/21 + (-58)/(-7) + -4. Let m be (-7)/(49/(-26)) + i/14. Suppose -3*w + 560 = m*w. What are the prime factors of w?
2, 5
Let j = 1152 - -810. Let x = 3067 - j. List the prime factors of x.
5, 13, 17
Let c(x) = -x**2 + 20*x - 14. Let u be c(19). Suppose 2*s - 45 = u. Let h = 3 + s. List the prime factors of h.
2, 7
Suppose -65*v + 740435 = -1844095. What are the prime factors of v?
2, 3, 47
Let g be (-76)/(-32) + 4/((-32)/3). Suppose -g*n + 1108 = 3*n + 3*x, 0 = -4*x - 16. List the prime factors of n.
2, 7
Let z = -748 - -748. Suppose z = -363*y + 359*y + 1136. What are the prime factors of y?
2, 71
Let n(u) = 64*u**2 + 2*u + 3. Let p be n(-2). Let d be (3/6)/(6*5/1920). What are the prime factors of p*(2 + d/(-20))?
2, 3, 17
List the prime factors of (-25 + 12015/(-6))*168/(-10).
2, 3, 7, 811
Suppose 4*k - 75 = 49. Suppose 23 = -2*m + k. Suppose -68 + 28 = -m*f. List the prime factors of f.
2, 5
Suppose -10 = p + 12. Let s = 53 - p. Let a = s + -29. List the prime factors of a.
2, 23
Suppose -29 = -3*s - 14. Let x = s - -41. Let n = 103 - x. What are the prime factors of n?
3, 19
Suppose 0 = 5*v + 5*y - 39000, 5*v + 2*y - 10474 = 28523. List the prime factors of v.
11, 709
List the prime factors of -10 + 167034/9 + (-9)/27.
3, 229
List the prime factors of (5 - 81/16) + (-28376811)/(-432).
65687
Let z(a) = 32*a + 19*a - 339*a - 36*a - 296*a + 40. What are the prime factors of z(-1)?
2, 3, 5, 11
Let i(c) = c**3 + 5*c**2 - 2*c + 11. Let y be i(-4). List the prime factors of ((-468)/30)/((-2)/y).
3, 7, 13
Let x = -138 + 138. Suppose 18*z - 13*z - 240 = x. What are the prime factors of z?
2, 3
Let r(w) be the third derivative of 0*w + 38*w**2 + 1/120*w**6 - 1/3*w**4 - 7/60*w**5 + 0 + 5*w**3. What are the prime factors of r(9)?
2, 3, 5
Let y = 76 - 100. Let u = y + 25. List the prime factors of -14*(u - (-132)/(-8)).
7, 31
Let r(s) = -4*s + 3. Let t = 18 + -15. Let d be r(t). Let p(g) = -5*g - 5. What are the prime factors of p(d)?
2, 5
Suppose -12*o = -8*o - 12. Let q be (28/4 + -4)*(o - 2). What are the prime factors of 1 - (q/15 + (-1181)/5)?
3, 79
Let q = 401 - 245. Suppose 38*c + 647 = -1597 - 2088. Let f = c + q. List the prime factors of f.
2, 3, 7
Let w = -788 + 1509. Let d = -77 + w. What are the prime factors of d?
2, 7, 23
Let b be ((-400)/12)/((-14628)/3654 - -4). Suppose -73*o + 83*o - b = 0. List the prime factors of o.
5, 7, 29
Let s(r) be the third derivative of 5*r**4/24 - r**3/6 - 11*r**2. Let x be s(-16). Let k = 149 + x. List the prime factors of k.
2, 17
Suppose 0 = -4*h - 4 - 0. Let m be (-6)/(h + (-2)/2). Suppose 3*a = -9, 3*a + 442 - 25 = m*o. What are the prime factors of o?
2, 17
Let r(h) be the first derivative of -h**2/2 - 7*h - 10. Let c be r(-10). Suppose -3*a + 672 = c*a. What are the prime factors of a?
2, 7
Let j = 62539 + -38952. What are the prime factors of j?
103, 229
Let p = -26 + 30. Suppose -2*b = -p*i + 12, -2*i - 5*b = 2*i - 40. Suppose 3*n - 282 = i*h - 865, -2*h - 5*n + 227 = 0. What are the prime factors of h?
2, 29
Let o(a) = 133*a**2 + 38*a + 88. What are the prime factors of o(-16)?
2, 3, 11, 127
Let x be 4 + (-4 - (-6 + 4)). Let o(b) = x - 3*b - 10*b + 8*b. What are the prime factors of o(-8)?
2, 3, 7
Suppose -g - 3 + 7 = 0, 50101 = n - 5*g. List the prime factors of n.
3, 5569
Let t(l) = 2*l - 60. Let w be t(8). Let r = 615 + w. List the prime factors of r.
571
Let n(z) = -4*z**3 - 44*z**2 - 443*z + 19. What are the prime factors of n(-16)?
12227
Let k(v) = -160*v**3 - v - 105*v**3 - 3*v**2 + v**2 + 77*v**3. Let s be k(-1). Let x = s + -30. List the prime factors of x.
157
Let z(k) = -k**3 - 21*k**2 + 22*k - 4. Let l be z(-22). What are the prime factors of 955 + 3 - l/(-1)?
2, 3, 53
Let z(h) = -3*h**2 + 3*h. Let r(x) = 2*x**2 - 2*x. Let c(v) = 5*r(v) + 3*z(v). Let y be c(-2). Suppose -y*l + 66 = -0*l. List the prime factors of l.
11
Suppose -52*y + 57*y + 2*v - 55030 = 0, -22018 = -2*y - 2*v. What are the prime factors of y?
2, 3, 7, 131
Suppose -3*l - 2*x - 2 = -73, 0 = -5*l - x + 130. Let k be (-492)/(-3)*4/8. Let g = k - l. What are the prime factors of g?
5, 11
Suppose 946768 = 106*c - 59*c. What are the prime factors of c?
2, 1259
Suppose 7*r - 47892 = -16798. Suppose -15172 = -14*n + r. List the prime factors of n.
3, 467
Let s(b) = 34*b + 2. Let j be s(2). Let k(n) = 65*n - 2472. Let w be k(41). Suppose -3*i + w = j. List the prime factors of i.
41
Suppose 121*q + 314962 - 1168853 = 604764. What are the prime factors of q?
5, 